1
Let q be (-1)/((-10 + 18)/(-56)). Let v(x) = x**2 - x - 4. Determine v(q).
38
Let k(h) = -23*h - 2 + 0*h**2 + 2*h**2 + 44*h - 20*h. Let u be (-2)/6 - (-15)/(-9). Determine k(u).
4
Let m(s) = 10*s - 11. Let i(f) = 21*f - 20. Let q(t) = -4*i(t) + 7*m(t). Give q(2).
-25
Let a = 524 + -511. Let h(x) = x - 2. Calculate h(a).
11
Let y(s) = 11*s**2 + 9. Let m(h) = -26*h - 5*h**2 - 4 + 26*h. Let c(k) = 13*m(k) + 6*y(k). Determine c(3).
11
Let u(k) = -4*k - 8. Let g = -35 + 31. Let x be u(g). Let a(c) = -2*c + 1 - x*c**2 + c**2 + 15*c**2 + 0*c. Determine a(1).
7
Suppose -59*c = -62*c + y + 11, -y - 21 = -5*c. Let b(z) = -2*z**3 + 10*z**2 + z - 8. Let m(f) = -f**3 + 5*f**2 - 4. Let l(a) = -2*b(a) + 5*m(a). What is l(c)?
-14
Let d(f) = f**2 + 9*f + 5. Let v be d(-9). Let t(a) be the third derivative of 1/60*a**5 + 0 + 0*a - 1/4*a**4 - 1/3*a**3 - 5*a**2. What is t(v)?
-7
Let o = 1118 - 1117. Let l(w) = 3*w**3 + w**2 - 2*w + 2. Calculate l(o).
4
Suppose 8 = p - n - 3, n + 25 = 3*p. Let l = p - 9. Let k(h) be the third derivative of h**4/8 + h**3/2 + 180*h**2. Calculate k(l).
-3
Suppose -b + p + 8 = -1, -b - 3*p + 13 = 0. Let n(w) = w + 0*w - 21 + b. Give n(5).
-6
Let f(t) = 5 - 2*t - 6 + 3 + t. Let m(p) = p + 15. Let l be m(-7). Suppose -l*s = -6*s. Calculate f(s).
2
Let m(c) = -c**2 + c + 4. Suppose -26 = -3*i - 5*y, -7 = -i - 2*y + 2. Let u be 58/i + 2/(-7). Let z be (-12)/4 + -1 + u. What is m(z)?
-8
Let l(u) be the third derivative of -u**5/60 - u**4/24 - u**3/6 - 9*u**2 + 19. Let w(k) = -2*k + 6. Let v be w(4). What is l(v)?
-3
Let b(a) = -3*a**2 + 12*a + 6. Let y be b(4). Let z(u) = u**3 - 7*u**2 + 3*u + 5. Calculate z(y).
-13
Let t(v) = 2*v**2 + 7*v - 29. Let x(q) = -q**2 - 4*q + 15. Let f(n) = -3*t(n) - 5*x(n). Suppose 0 = -l + 2 - 15. Let b = 13 + l. Determine f(b).
12
Let n(i) be the first derivative of 1/4*i**4 + 8/3*i**3 + 1/2*i**2 + i - 3. Determine n(-8).
-7
Let q(a) = -33*a + 1 + a + 6*a**2 + 30*a. Give q(1).
5
Suppose -g + 0 = -3. Suppose p = -n - 1, 17 = n + g*n - 3*p. Let l(r) = r + 6*r**n + r**3 - 4*r**2 - r**2. Give l(-2).
-6
Let u(i) = i - 11. Let j(s) = 3*s - 23. Let l(w) = -2*w**2 + 3*w + 3. Let t be l(4). Let g = -15 - t. Let p(b) = g*j(b) - 5*u(b). Determine p(-5).
4
Suppose 3*y - 2*y + 5 = 0. Let g(h) = -6*h - 1 - 14*h**2 + 30*h**2 - 17*h**2 - 14*h + 14*h. What is g(y)?
4
Let w(r) = 4*r**2 - 8*r - 1. Let j(l) = -21*l**2 + 40*l + 5. Let z(x) = 2*j(x) + 11*w(x). Give z(4).
-1
Suppose -3*m - 61 = m + 3*y, 5*m = -4*y - 75. Let d = 19 + m. Suppose h - 2*x + 0*x = -2, 3*h - 3*x = d. Let p(t) = 2*t + 1. Calculate p(h).
5
Suppose k = j - 5, -6*k - 18 = -4*j - 3*k. Let f(c) = -6 - c**3 + 0 + j*c**2 + c + 4. Let n(b) = -b**2 - 4*b. Let p be n(-3). Determine f(p).
1
Let z(s) = -s + 6. Let h be 415/55 - (-60)/(-110). Determine z(h).
-1
Let b(i) = i**2 - i. Let h(k) = k**3 + 7*k**2 + 2*k + 6. Let w(r) = 2*b(r) - h(r). Let l be w(-4). Let n(j) = 2*j + 9. Give n(l).
-3
Let l = -4 - -5. Let j = 1 + l. Let f be (-2 - (j - 3)) + 3. Let v(i) = 2*i. Determine v(f).
4
Let k(w) = 2*w**3 + w**2 + w - 2. Let c be k(1). Let a(d) = 442 - 446 + d - c*d. Suppose -2*r - 3*t - 6 = 0, r - 5*t + 10*t = -10. Determine a(r).
-4
Let f(y) = -25*y**3 - 12*y**2 + 5*y. Let p(i) = -2*i**3 - 3*i**2 + i. Let b(g) = -f(g) + 4*p(g). Let d = -4 + 5. Calculate b(d).
16
Let q(b) = -b**2 + 2*b. Suppose -2*h - 6 = 5*x, 5*x + 3*h = -h - 2. What is q(x)?
-8
Let n(r) = 4*r**2 - 19*r - 57. Let m(p) = p**2 - 5*p - 14. Let b be 27*(0 - (-3)/(-9)). Let q(l) = b*m(l) + 2*n(l). Determine q(9).
-6
Let x(l) = -2*l + 1 + 0 + 0 - 11*l**2. Suppose -6399*z + 6403*z = 4. Determine x(z).
-12
Let k(o) be the third derivative of 5*o**4/12 - o**3/2 + 2*o**2. Suppose 0 = -2*u, 2*j - 3*u - 3 - 3 = -2. Determine k(j).
17
Suppose 0 = 2*m - 2*t - 34, 2*t - 26 - 59 = -5*m. Let k = 20 - m. Let g be 1/(k/6)*-1. Let h(y) = 5*y + 2. Determine h(g).
-8
Suppose h = -3*g + 17, 3*h + 0*h = -2*g + 16. Let x(v) = -4*v**3 + 2*v**2 + v - 2. What is x(h)?
-24
Let l(a) be the second derivative of a**2 + 0 + 1/3*a**3 - 6*a. Give l(2).
6
Suppose 5*f - 10 = -0*f. Let s(d) be the second derivative of -d**5/10 + d**4/6 + d**3/2 - 3*d**2/2 + d - 155. Give s(f).
-5
Let i(n) be the third derivative of -n**2 - 1/60*n**5 - 1/6*n**3 - 1/4*n**4 + 0*n + 0. Give i(-6).
-1
Let m(v) = 3*v**3 + v**2 + v + 1. Let f(r) = 8*r**3 + 3*r**2 - r. Let g(h) = f(h) - 2*m(h). Determine g(-2).
-8
Let a(z) be the third derivative of -z**6/120 + 7*z**5/60 + z**4/24 - 11*z**3/6 + 53*z**2. Determine a(7).
-4
Let w(m) = 0 + m**2 + 0*m**2 + 1. Let r be w(-4). Let i = r + -13. Let o(u) = -u**2 + 5*u - 4. Calculate o(i).
0
Let y(q) = -3*q - 7 - 2*q + 7*q + 5. Let k(w) = -w + 2. Let a(n) = 3*k(n) + 2*y(n). Give a(0).
2
Let t be (-5)/2*(204/(-30) - -6). Let j(a) = 0*a**t + 0*a**3 - 1 + 0*a**3 - 2*a + 2*a**2 + a**3. What is j(2)?
11
Let y(d) = -4*d**2 + 12*d + 2. Let t(g) = -5*g**2 + 13*g + 1. Suppose -13*p + 17*p = -24. Let m(u) = p*y(u) + 5*t(u). What is m(-7)?
-7
Let h(o) be the second derivative of -o**5/60 + 5*o**4/24 + o**3/2 + 29*o**2/2 + 12*o. Let b(n) be the first derivative of h(n). What is b(6)?
-3
Let s(h) be the second derivative of -19*h**4/12 + h**2/2 + 81*h. Determine s(1).
-18
Let n(c) = -c**3 + 18*c**2 + 21*c - 38. Let f be n(19). Let u be 7/35 + 9/5. Let d(s) = 5*s**2 - 4*s**2 + 16 - u*s**2 + s**3. Calculate d(f).
16
Let v(i) = -i**2 - 39*i - 223. Let q be v(-32). Let a(r) = 34*r**2 - 1. Give a(q).
33
Suppose l = 3*q + 2*q - 8, -3*q = -5*l + 4. Let b(m) = -3*m**2 + m + 4. Let i be b(l). Let u(s) = s**2 + 3*s. Give u(i).
18
Let y = -8 - -1. Let v = -5 - y. Let x(w) = -9*w**2 - 5*w - 6. Let f(o) = -8*o**2 - 4*o - 5. Let r(l) = 7*f(l) - 6*x(l). Give r(v).
-3
Let w(q) = -10*q**2 + 13*q + 24. Let a(v) = 13*v**2 - 14*v - 25. Let h(x) = -3*a(x) - 4*w(x). Determine h(12).
3
Let p be 24/15 + (-4)/(-10). Let l(h) = 4*h - 3*h - p*h + 0*h - 4. Let n be 1 + -2 + -5 + 2. Determine l(n).
0
Let l(g) = -13*g**3 - 5*g**2 + 2*g. Let p(o) = -7*o**3 - 3*o**2 + o. Let n(f) = -6*l(f) + 11*p(f). What is n(4)?
12
Suppose 3*u = -3*c - 24, 2*u - 2*c + 4 = -0. Let x(w) = w**2 - w - 7. What is x(u)?
23
Let r(b) = 9*b**3 + 20*b**2 - 4*b**3 - 7*b**3 + b**3 + 2*b**3 - 14 - b. Give r(-20).
6
Let g(x) = x**3 + 3*x**2 - 2*x - 2. Let q(w) = w**2 + w - 12. Let y be q(-4). Suppose -d - 6 = -3*d + 3*i, y = 2*d - 4*i - 10. Give g(d).
4
Let i(s) be the second derivative of s**3/2 + s**2 - 11*s. Let n = 102 + -106. Calculate i(n).
-10
Suppose 4*c - 3*c + 43 = -2*w, -5*c + 2*w - 179 = 0. Let z = -32 - c. Let a(i) = 2*i - 5. Determine a(z).
5
Let z(u) be the second derivative of -u**6/120 + 2*u**5/15 - u**4/12 + 5*u**3/3 + 8*u**2 + 13*u. Let g(i) be the first derivative of z(i). Give g(8).
-6
Let d = 4 + -6. Let k(q) = q**2 - 2*q + 1. Let x(z) = -z**2 - 3*z + 4. Let o(w) = -2*k(w) + x(w). Give o(d).
-12
Let b(l) = 2 + 6*l + 3*l - 5 + 7 - 4*l. Determine b(-3).
-11
Let n be -7*(-4)/8 - (-18)/(-12). Let r(w) = 2*w**3 - w**2 - w - 2. Determine r(n).
8
Let f be -2*51/(-6) - 1. Suppose 2*j = -0*j - f. Let c = -6 - j. Let y(q) = 2*q - 2. What is y(c)?
2
Let i be ((-21)/14)/(6/40). Let b(o) = o**2 + 10*o + 13. Give b(i).
13
Let y(z) = 2*z - 36. Let t be y(11). Let b = 7 + t. Let p(a) = -a**3 - 7*a**2 - 2. Calculate p(b).
-2
Let w(c) = 15*c + 15. Let y(l) = -28*l - 27. Let p(g) = 7*w(g) + 4*y(g). Calculate p(4).
-31
Suppose -3*t = 4*p - 2 - 2, 2*p - 2 = -4*t. Let c(o) be the second derivative of -2*o**3/3 + 2*o. Give c(p).
-4
Let x(p) be the first derivative of 0*p - 1/120*p**6 + 1/20*p**5 - p**2 - 3 - 1/8*p**4 + 1/2*p**3. Let n(g) be the second derivative of x(g). What is n(3)?
-6
Let a(k) be the third derivative of -k**4/24 + k**3/6 + k**2. Let v(q) = 2*q + 12. Let i be v(-7). Let f be i/6*(-2 - (18 + -2)). What is a(f)?
-5
Let u(j) = -j**3 - 10*j**2 - 11*j - 16. Let b be u(-9). Let f(k) = -3*k + 4. Calculate f(b).
-2
Let r(s) = -1383*s + 1380*s + 21 - 13 + 17 + 13. Calculate r(13).
-1
Let g(i) = -10*i**2 + 12. Let p(x) = -29*x**2 + 35. Let j(t) = 17*g(t) - 6*p(t). Determine j(-2).
10
Let f(c) = -5 - 53*c + 25*c + 1 + 23*c. Calculate f(-3).
11
Suppose 641 + 97 = 9*l. Let f(v) = -v**3 - 9 + l*v - 84*v + 12 - 3*v**2. Determine f(-3).
9
Let b(n) = 2*n + 8. Let t be b(-3). Let m(l) = 3